{"id":1224,"date":"2018-04-30T16:18:01","date_gmt":"2018-04-30T14:18:01","guid":{"rendered":"http:\/\/imageriemedicaleparis5.fr\/?page_id=1224"},"modified":"2018-05-03T11:24:21","modified_gmt":"2018-05-03T09:24:21","slug":"unite-biopsies","status":"publish","type":"page","link":"https:\/\/imageriemedicaleparis5.fr\/?page_id=1224","title":{"rendered":"Unit\u00e9 Biopsies"},"content":{"rendered":"<p><div class=\"fusion-fullwidth fullwidth-box fusion-builder-row-1 nonhundred-percent-fullwidth non-hundred-percent-height-scrolling\" style=\"--awb-border-radius-top-left:0px;--awb-border-radius-top-right:0px;--awb-border-radius-bottom-right:0px;--awb-border-radius-bottom-left:0px;--awb-flex-wrap:wrap;\" ><div class=\"fusion-builder-row fusion-row\"><div class=\"fusion-layout-column fusion_builder_column fusion-builder-column-0 fusion_builder_column_1_1 1_1 fusion-one-full fusion-column-first fusion-column-last\" style=\"--awb-bg-size:cover;\"><div class=\"fusion-column-wrapper fusion-flex-column-wrapper-legacy\"><div class=\"fusion-title title fusion-title-1 fusion-title-text fusion-title-size-two\" style=\"--awb-sep-color:#03a9f4;\"><h2 class=\"fusion-title-heading title-heading-left\" style=\"margin:0;\"><span style=\"color: #03a9f4;\">Unit\u00e9 Biopsies<\/span><\/h2><span class=\"awb-title-spacer\"><\/span><div class=\"title-sep-container\"><div class=\"title-sep sep-single sep-dashed\" style=\"border-color:#03a9f4;\"><\/div><\/div><\/div><div class=\"fusion-clearfix\"><\/div><\/div><\/div><\/div><\/div><div class=\"fusion-fullwidth fullwidth-box fusion-builder-row-2 nonhundred-percent-fullwidth non-hundred-percent-height-scrolling\" style=\"--awb-border-radius-top-left:0px;--awb-border-radius-top-right:0px;--awb-border-radius-bottom-right:0px;--awb-border-radius-bottom-left:0px;--awb-flex-wrap:wrap;\" ><div class=\"fusion-builder-row fusion-row\"><div class=\"fusion-layout-column fusion_builder_column fusion-builder-column-1 fusion_builder_column_2_3 2_3 fusion-two-third fusion-column-first\" style=\"--awb-bg-size:cover;width:66.666666666667%;width:calc(66.666666666667% - ( ( 4% ) * 0.66666666666667 ) );margin-right: 4%;\"><div class=\"fusion-column-wrapper fusion-flex-column-wrapper-legacy\"><div class=\"fusion-text fusion-text-1\"><p>Une biopsie est un pr\u00e9l\u00e8vement\u00a0 \u00e0 l&rsquo;aide d&rsquo;une aiguille\u00a0 \u00e0 bord tranchant\u00a0 introduite \u00e0 travers la peau, d&rsquo;un \u00e9chantillon de tissu\u00a0 \u00e0 examiner au microscope par un pathologiste pour le diagnostic.<\/p>\n<p>Ce type de proc\u00e9dure\u00a0remplace souvent une intervention chirurgicale<\/p>\n<p>Notre \u00e9quipe a acquis une exp\u00e9rience largement reconnue dans ce domaine depuis de longues ann\u00e9es.<\/p>\n<p>Avant de prendre rendez-vous pour une biopsie, vous serez interrog\u00e9 au cours d\u2019une consultation par un radiologue de notre \u00e9quipe au cours d\u2019une consultation\u00a0 sur les allergies et averti afin d&rsquo;\u00e9viter les m\u00e9dicaments anticoagulants.<\/p>\n<p>Au moment de la biopsie, le radiologiste d\u00e9sinfectera la peau en appliquant une anesth\u00e9sie \u00e0 l&rsquo;aide d&rsquo;une petite aiguille et en utilisant des ultrasons, le scanner\u00a0 ou une fluoroscopie pour guider l&rsquo;aiguille de biopsie et \u2018l\u2019amener exactement au contact de la zone \u00e0 pr\u00e9lever.<\/p>\n<p>Apr\u00e8s la proc\u00e9dure, on vous rappellera de v\u00e9rifier et de consulter d&rsquo;urgence tout signe possible de saignement ou d&rsquo;infection sur le site de biopsie.<\/p>\n<p>Les r\u00e9sultats de la biopsie prennent g\u00e9n\u00e9ralement plusieurs jours pour atteindre votre m\u00e9decin traitant.<\/p>\n<p>Le drainage de cavit\u00e9 profondes (h\u00e9matome, abc\u00e8s) peuvent \u00e9galement b\u00e9n\u00e9ficier d\u2019un guidage sous US ou scanner<\/p>\n<p><strong>Exemples \u00a0de Biopsie pratiqu\u00e9es\u00a0:<\/strong><\/p>\n<ul>\n<li>Prostate (Dr. Youn\u00e8s)<\/li>\n<li>Os, muscle, cartilage, synoviale articulaire, masse\u2026( Dr. Hamz\u00e9)<\/li>\n<li>Drainage de cavit\u00e9s (Dr. Mani)<\/li>\n<\/ul>\n<\/div><div class=\"fusion-clearfix\"><\/div><\/div><\/div><div class=\"fusion-layout-column fusion_builder_column fusion-builder-column-2 fusion_builder_column_1_3 1_3 fusion-one-third fusion-column-last\" style=\"--awb-bg-size:cover;width:33.333333333333%;width:calc(33.333333333333% - ( ( 4% ) * 0.33333333333333 ) );\"><div class=\"fusion-column-wrapper fusion-flex-column-wrapper-legacy\"><script type=\"text\/javascript\">var lsjQuery = jQuery;lsjQuery(document).ready(function() {\r\nif(typeof lsjQuery.fn.layerSlider == \"undefined\") {\r\nif( window._layerSlider && window._layerSlider.showNotice) { \r\nwindow._layerSlider.showNotice('layerslider_5','jquery');\r\n}\r\n} else {\r\nlsjQuery(\"#layerslider_5\").layerSlider({createdWith: '6.7.1', sliderVersion: '6.7.1', skin: 'v6', skinsPath: 'https:\/\/imageriemedicaleparis5.fr\/wp-content\/plugins\/LayerSlider\/static\/layerslider\/skins\/'});\r\n}\r\n});\r\n<\/script><div id=\"layerslider_5\" class=\"ls-wp-container fitvidsignore\" style=\"width:368px;height:368px;margin:0 auto;margin-bottom: 0px;\"><div class=\"ls-slide\" data-ls=\"duration:3000;kenburnsscale:1.2;\"><img decoding=\"async\" width=\"2451\" height=\"3465\" src=\"https:\/\/imageriemedicaleparis5.fr\/wp-content\/uploads\/2018\/05\/EX20170309_0_SE500_IM7.jpg\" class=\"ls-bg\" alt=\"\" srcset=\"https:\/\/imageriemedicaleparis5.fr\/wp-content\/uploads\/2018\/05\/EX20170309_0_SE500_IM7-200x283.jpg 200w, https:\/\/imageriemedicaleparis5.fr\/wp-content\/uploads\/2018\/05\/EX20170309_0_SE500_IM7-212x300.jpg 212w, https:\/\/imageriemedicaleparis5.fr\/wp-content\/uploads\/2018\/05\/EX20170309_0_SE500_IM7-400x565.jpg 400w, https:\/\/imageriemedicaleparis5.fr\/wp-content\/uploads\/2018\/05\/EX20170309_0_SE500_IM7-600x848.jpg 600w, https:\/\/imageriemedicaleparis5.fr\/wp-content\/uploads\/2018\/05\/EX20170309_0_SE500_IM7-724x1024.jpg 724w, https:\/\/imageriemedicaleparis5.fr\/wp-content\/uploads\/2018\/05\/EX20170309_0_SE500_IM7-768x1086.jpg 768w, https:\/\/imageriemedicaleparis5.fr\/wp-content\/uploads\/2018\/05\/EX20170309_0_SE500_IM7-800x1131.jpg 800w, https:\/\/imageriemedicaleparis5.fr\/wp-content\/uploads\/2018\/05\/EX20170309_0_SE500_IM7-1200x1696.jpg 1200w, https:\/\/imageriemedicaleparis5.fr\/wp-content\/uploads\/2018\/05\/EX20170309_0_SE500_IM7.jpg 2451w\" sizes=\"(max-width: 2451px) 100vw, 2451px\" \/><\/div><div class=\"ls-slide\" data-ls=\"duration:3000;kenburnsscale:1.2;\"><img decoding=\"async\" width=\"2451\" height=\"3465\" src=\"https:\/\/imageriemedicaleparis5.fr\/wp-content\/uploads\/2018\/05\/EX20170309_0_SE501_IM6.jpg\" class=\"ls-bg\" alt=\"\" srcset=\"https:\/\/imageriemedicaleparis5.fr\/wp-content\/uploads\/2018\/05\/EX20170309_0_SE501_IM6-200x283.jpg 200w, https:\/\/imageriemedicaleparis5.fr\/wp-content\/uploads\/2018\/05\/EX20170309_0_SE501_IM6-212x300.jpg 212w, https:\/\/imageriemedicaleparis5.fr\/wp-content\/uploads\/2018\/05\/EX20170309_0_SE501_IM6-400x565.jpg 400w, https:\/\/imageriemedicaleparis5.fr\/wp-content\/uploads\/2018\/05\/EX20170309_0_SE501_IM6-600x848.jpg 600w, https:\/\/imageriemedicaleparis5.fr\/wp-content\/uploads\/2018\/05\/EX20170309_0_SE501_IM6-724x1024.jpg 724w, https:\/\/imageriemedicaleparis5.fr\/wp-content\/uploads\/2018\/05\/EX20170309_0_SE501_IM6-768x1086.jpg 768w, https:\/\/imageriemedicaleparis5.fr\/wp-content\/uploads\/2018\/05\/EX20170309_0_SE501_IM6-800x1131.jpg 800w, https:\/\/imageriemedicaleparis5.fr\/wp-content\/uploads\/2018\/05\/EX20170309_0_SE501_IM6-1200x1696.jpg 1200w, https:\/\/imageriemedicaleparis5.fr\/wp-content\/uploads\/2018\/05\/EX20170309_0_SE501_IM6.jpg 2451w\" sizes=\"(max-width: 2451px) 100vw, 2451px\" \/><\/div><div class=\"ls-slide\" data-ls=\"duration:3000;kenburnsscale:1.2;\"><img decoding=\"async\" width=\"2451\" height=\"3465\" src=\"https:\/\/imageriemedicaleparis5.fr\/wp-content\/uploads\/2018\/05\/EX20170309_1_SE100_IM0.jpg\" class=\"ls-bg\" alt=\"\" srcset=\"https:\/\/imageriemedicaleparis5.fr\/wp-content\/uploads\/2018\/05\/EX20170309_1_SE100_IM0-200x283.jpg 200w, https:\/\/imageriemedicaleparis5.fr\/wp-content\/uploads\/2018\/05\/EX20170309_1_SE100_IM0-212x300.jpg 212w, https:\/\/imageriemedicaleparis5.fr\/wp-content\/uploads\/2018\/05\/EX20170309_1_SE100_IM0-400x565.jpg 400w, https:\/\/imageriemedicaleparis5.fr\/wp-content\/uploads\/2018\/05\/EX20170309_1_SE100_IM0-600x848.jpg 600w, https:\/\/imageriemedicaleparis5.fr\/wp-content\/uploads\/2018\/05\/EX20170309_1_SE100_IM0-724x1024.jpg 724w, https:\/\/imageriemedicaleparis5.fr\/wp-content\/uploads\/2018\/05\/EX20170309_1_SE100_IM0-768x1086.jpg 768w, https:\/\/imageriemedicaleparis5.fr\/wp-content\/uploads\/2018\/05\/EX20170309_1_SE100_IM0-800x1131.jpg 800w, https:\/\/imageriemedicaleparis5.fr\/wp-content\/uploads\/2018\/05\/EX20170309_1_SE100_IM0-1200x1696.jpg 1200w, https:\/\/imageriemedicaleparis5.fr\/wp-content\/uploads\/2018\/05\/EX20170309_1_SE100_IM0.jpg 2451w\" sizes=\"(max-width: 2451px) 100vw, 2451px\" \/><\/div><\/div><div class=\"fusion-clearfix\"><\/div><\/div><\/div><\/div><\/div><\/p>\n","protected":false},"excerpt":{"rendered":"","protected":false},"author":1,"featured_media":0,"parent":11,"menu_order":0,"comment_status":"closed","ping_status":"closed","template":"","meta":{"footnotes":""},"_links":{"self":[{"href":"https:\/\/imageriemedicaleparis5.fr\/index.php?rest_route=\/wp\/v2\/pages\/1224"}],"collection":[{"href":"https:\/\/imageriemedicaleparis5.fr\/index.php?rest_route=\/wp\/v2\/pages"}],"about":[{"href":"https:\/\/imageriemedicaleparis5.fr\/index.php?rest_route=\/wp\/v2\/types\/page"}],"author":[{"embeddable":true,"href":"https:\/\/imageriemedicaleparis5.fr\/index.php?rest_route=\/wp\/v2\/users\/1"}],"replies":[{"embeddable":true,"href":"https:\/\/imageriemedicaleparis5.fr\/index.php?rest_route=%2Fwp%2Fv2%2Fcomments&post=1224"}],"version-history":[{"count":4,"href":"https:\/\/imageriemedicaleparis5.fr\/index.php?rest_route=\/wp\/v2\/pages\/1224\/revisions"}],"predecessor-version":[{"id":1392,"href":"https:\/\/imageriemedicaleparis5.fr\/index.php?rest_route=\/wp\/v2\/pages\/1224\/revisions\/1392"}],"up":[{"embeddable":true,"href":"https:\/\/imageriemedicaleparis5.fr\/index.php?rest_route=\/wp\/v2\/pages\/11"}],"wp:attachment":[{"href":"https:\/\/imageriemedicaleparis5.fr\/index.php?rest_route=%2Fwp%2Fv2%2Fmedia&parent=1224"}],"curies":[{"name":"wp","href":"https:\/\/api.w.org\/{rel}","templated":true}]}}