{"id":1207,"date":"2018-04-30T16:10:07","date_gmt":"2018-04-30T14:10:07","guid":{"rendered":"http:\/\/imageriemedicaleparis5.fr\/?page_id=1207"},"modified":"2018-05-03T09:32:29","modified_gmt":"2018-05-03T07:32:29","slug":"unite-ultrasons","status":"publish","type":"page","link":"https:\/\/imageriemedicaleparis5.fr\/?page_id=1207","title":{"rendered":"Unit\u00e9 Ultrasons"},"content":{"rendered":"<p><div class=\"fusion-fullwidth fullwidth-box fusion-builder-row-1 nonhundred-percent-fullwidth non-hundred-percent-height-scrolling\" style=\"--awb-border-radius-top-left:0px;--awb-border-radius-top-right:0px;--awb-border-radius-bottom-right:0px;--awb-border-radius-bottom-left:0px;--awb-flex-wrap:wrap;\" ><div class=\"fusion-builder-row fusion-row\"><div class=\"fusion-layout-column fusion_builder_column fusion-builder-column-0 fusion_builder_column_1_1 1_1 fusion-one-full fusion-column-first fusion-column-last\" style=\"--awb-bg-size:cover;\"><div class=\"fusion-column-wrapper fusion-flex-column-wrapper-legacy\"><div class=\"fusion-title title fusion-title-1 fusion-title-text fusion-title-size-two\" style=\"--awb-sep-color:#03a9f4;\"><h2 class=\"fusion-title-heading title-heading-left\" style=\"margin:0;\"><span style=\"color: #03a9f4;\">Unit\u00e9 Ultrasons<\/span><\/h2><span class=\"awb-title-spacer\"><\/span><div class=\"title-sep-container\"><div class=\"title-sep sep-single sep-dashed\" style=\"border-color:#03a9f4;\"><\/div><\/div><\/div><div class=\"fusion-clearfix\"><\/div><\/div><\/div><\/div><\/div><div class=\"fusion-fullwidth fullwidth-box fusion-builder-row-2 nonhundred-percent-fullwidth non-hundred-percent-height-scrolling\" style=\"--awb-border-radius-top-left:0px;--awb-border-radius-top-right:0px;--awb-border-radius-bottom-right:0px;--awb-border-radius-bottom-left:0px;--awb-flex-wrap:wrap;\" ><div class=\"fusion-builder-row fusion-row\"><div class=\"fusion-layout-column fusion_builder_column fusion-builder-column-1 fusion_builder_column_2_3 2_3 fusion-two-third fusion-column-first\" style=\"--awb-bg-size:cover;width:66.666666666667%;width:calc(66.666666666667% - ( ( 4% ) * 0.66666666666667 ) );margin-right: 4%;\"><div class=\"fusion-column-wrapper fusion-flex-column-wrapper-legacy\"><div class=\"fusion-text fusion-text-1\"><p>L&rsquo;\u00e9chographie utilise des ondes sonores plut\u00f4t que des rayons X pour produire une image m\u00e9dicale ou une image de divers organes et tissus dans le corps.<br \/>\nLorsque les ondes ultrasonores p\u00e9n\u00e8trent dans le corps, elles sont r\u00e9fl\u00e9chies vers le transducteur par les organes internes.<br \/>\nCes \u00e9chos contiennent des informations qui sont converties en une image de l&rsquo;organe examin\u00e9.<\/p>\n<p>Le processus de test commence lorsqu&rsquo;un gel de transmission est \u00e9tal\u00e9 sur la zone du corps \u00e0 examiner.<br \/>\nUn transducteur sera d\u00e9plac\u00e9 lentement sur la partie du corps imag\u00e9 produisant une sensation de l\u00e9g\u00e8re pression sur la peau du patient.<br \/>\nLes images \u00e9chographiques appara\u00eetront sur un moniteur similaire \u00e0 un \u00e9cran de t\u00e9l\u00e9vision.<br \/>\nLes r\u00e9sultats sont ensuite enregistr\u00e9s sur film ou sur du papier photographique de haute qualit\u00e9 pour une \u00e9tude d\u00e9taill\u00e9e.<\/p>\n<p>Nous effectuons \u00a0des \u00e9chographie des muscles et des tendons, des diff\u00e9rentes articulations avec des sondes d\u00e9di\u00e9es de tr\u00e8s hautes fr\u00e9quences mais aussi du cou, de l&rsquo;abdomen, du pelvis, des extr\u00e9mit\u00e9s et du scrotum.<\/p>\n<p>Notre \u00e9quipement \u00e0 ultrasons (GE, SONOLOGIC) permet d&rsquo;excellentes \u00e9valuations avec des techniques transrectales pour la prostate et transvaginales pour les oranes g\u00e9nitaux feminins.<\/p>\n<p>Notre unit\u00e9 est \u00e9galement \u00e9quip\u00e9e des modalit\u00e9s Doppler de flux de couleur pour des \u00e9tudes veineuses et art\u00e9rielles et 3D , ainsi que l\u2019\u00e9lastom\u00e9trie.<\/p>\n<\/div><div class=\"fusion-clearfix\"><\/div><\/div><\/div><div class=\"fusion-layout-column fusion_builder_column fusion-builder-column-2 fusion_builder_column_1_3 1_3 fusion-one-third fusion-column-last\" style=\"--awb-bg-size:cover;width:33.333333333333%;width:calc(33.333333333333% - ( ( 4% ) * 0.33333333333333 ) );\"><div class=\"fusion-column-wrapper fusion-flex-column-wrapper-legacy\"><script type=\"text\/javascript\">var lsjQuery = jQuery;lsjQuery(document).ready(function() {\r\nif(typeof lsjQuery.fn.layerSlider == \"undefined\") {\r\nif( window._layerSlider && window._layerSlider.showNotice) { \r\nwindow._layerSlider.showNotice('layerslider_3','jquery');\r\n}\r\n} else {\r\nlsjQuery(\"#layerslider_3\").layerSlider({createdWith: '6.7.1', sliderVersion: '6.7.1', skin: 'v6', skinsPath: 'https:\/\/imageriemedicaleparis5.fr\/wp-content\/plugins\/LayerSlider\/static\/layerslider\/skins\/'});\r\n}\r\n});\r\n<\/script><div id=\"layerslider_3\" class=\"ls-wp-container fitvidsignore\" style=\"width:384px;height:256px;margin:0 auto;margin-bottom: 0px;\"><div class=\"ls-slide\" data-ls=\"duration:2000;kenburnsscale:1.2;\"><img decoding=\"async\" width=\"1102\" height=\"708\" src=\"https:\/\/imageriemedicaleparis5.fr\/wp-content\/uploads\/2018\/05\/epa2.jpg\" class=\"ls-bg\" alt=\"\" srcset=\"https:\/\/imageriemedicaleparis5.fr\/wp-content\/uploads\/2018\/05\/epa2-200x128.jpg 200w, https:\/\/imageriemedicaleparis5.fr\/wp-content\/uploads\/2018\/05\/epa2-300x193.jpg 300w, https:\/\/imageriemedicaleparis5.fr\/wp-content\/uploads\/2018\/05\/epa2-400x257.jpg 400w, https:\/\/imageriemedicaleparis5.fr\/wp-content\/uploads\/2018\/05\/epa2-460x295.jpg 460w, https:\/\/imageriemedicaleparis5.fr\/wp-content\/uploads\/2018\/05\/epa2-600x385.jpg 600w, https:\/\/imageriemedicaleparis5.fr\/wp-content\/uploads\/2018\/05\/epa2-768x493.jpg 768w, https:\/\/imageriemedicaleparis5.fr\/wp-content\/uploads\/2018\/05\/epa2-800x514.jpg 800w, https:\/\/imageriemedicaleparis5.fr\/wp-content\/uploads\/2018\/05\/epa2-1024x658.jpg 1024w, https:\/\/imageriemedicaleparis5.fr\/wp-content\/uploads\/2018\/05\/epa2.jpg 1102w\" sizes=\"(max-width: 1102px) 100vw, 1102px\" \/><\/div><div class=\"ls-slide\" data-ls=\"duration:2000;kenburnsscale:1.2;\"><img decoding=\"async\" width=\"1310\" height=\"794\" src=\"https:\/\/imageriemedicaleparis5.fr\/wp-content\/uploads\/2018\/05\/epa3.jpg\" class=\"ls-bg\" alt=\"\" srcset=\"https:\/\/imageriemedicaleparis5.fr\/wp-content\/uploads\/2018\/05\/epa3-200x121.jpg 200w, https:\/\/imageriemedicaleparis5.fr\/wp-content\/uploads\/2018\/05\/epa3-300x182.jpg 300w, https:\/\/imageriemedicaleparis5.fr\/wp-content\/uploads\/2018\/05\/epa3-400x242.jpg 400w, https:\/\/imageriemedicaleparis5.fr\/wp-content\/uploads\/2018\/05\/epa3-600x364.jpg 600w, https:\/\/imageriemedicaleparis5.fr\/wp-content\/uploads\/2018\/05\/epa3-768x465.jpg 768w, https:\/\/imageriemedicaleparis5.fr\/wp-content\/uploads\/2018\/05\/epa3-800x485.jpg 800w, https:\/\/imageriemedicaleparis5.fr\/wp-content\/uploads\/2018\/05\/epa3-1024x621.jpg 1024w, https:\/\/imageriemedicaleparis5.fr\/wp-content\/uploads\/2018\/05\/epa3-1200x727.jpg 1200w, https:\/\/imageriemedicaleparis5.fr\/wp-content\/uploads\/2018\/05\/epa3.jpg 1310w\" sizes=\"(max-width: 1310px) 100vw, 1310px\" \/><\/div><div class=\"ls-slide\" data-ls=\"duration:2000;kenburnsscale:1.2;\"><img decoding=\"async\" width=\"915\" height=\"806\" src=\"https:\/\/imageriemedicaleparis5.fr\/wp-content\/uploads\/2018\/05\/epa4.jpg\" class=\"ls-bg\" alt=\"\" srcset=\"https:\/\/imageriemedicaleparis5.fr\/wp-content\/uploads\/2018\/05\/epa4-200x176.jpg 200w, https:\/\/imageriemedicaleparis5.fr\/wp-content\/uploads\/2018\/05\/epa4-300x264.jpg 300w, https:\/\/imageriemedicaleparis5.fr\/wp-content\/uploads\/2018\/05\/epa4-400x352.jpg 400w, https:\/\/imageriemedicaleparis5.fr\/wp-content\/uploads\/2018\/05\/epa4-600x529.jpg 600w, https:\/\/imageriemedicaleparis5.fr\/wp-content\/uploads\/2018\/05\/epa4-768x677.jpg 768w, https:\/\/imageriemedicaleparis5.fr\/wp-content\/uploads\/2018\/05\/epa4-800x705.jpg 800w, https:\/\/imageriemedicaleparis5.fr\/wp-content\/uploads\/2018\/05\/epa4.jpg 915w\" sizes=\"(max-width: 915px) 100vw, 915px\" \/><\/div><div class=\"ls-slide\" data-ls=\"duration:2000;kenburnsscale:1.2;\"><img decoding=\"async\" width=\"709\" height=\"561\" src=\"https:\/\/imageriemedicaleparis5.fr\/wp-content\/uploads\/2018\/05\/epa5.jpg\" class=\"ls-bg\" alt=\"\" srcset=\"https:\/\/imageriemedicaleparis5.fr\/wp-content\/uploads\/2018\/05\/epa5-200x158.jpg 200w, https:\/\/imageriemedicaleparis5.fr\/wp-content\/uploads\/2018\/05\/epa5-300x237.jpg 300w, https:\/\/imageriemedicaleparis5.fr\/wp-content\/uploads\/2018\/05\/epa5-400x317.jpg 400w, https:\/\/imageriemedicaleparis5.fr\/wp-content\/uploads\/2018\/05\/epa5-600x475.jpg 600w, https:\/\/imageriemedicaleparis5.fr\/wp-content\/uploads\/2018\/05\/epa5.jpg 709w\" sizes=\"(max-width: 709px) 100vw, 709px\" \/><\/div><div class=\"ls-slide\" data-ls=\"duration:2000;kenburnsscale:1.2;\"><img decoding=\"async\" width=\"1000\" height=\"648\" src=\"https:\/\/imageriemedicaleparis5.fr\/wp-content\/uploads\/2018\/05\/poignet-n-median-ponction.jpg\" class=\"ls-bg\" alt=\"\" srcset=\"https:\/\/imageriemedicaleparis5.fr\/wp-content\/uploads\/2018\/05\/poignet-n-median-ponction-200x130.jpg 200w, https:\/\/imageriemedicaleparis5.fr\/wp-content\/uploads\/2018\/05\/poignet-n-median-ponction-300x194.jpg 300w, https:\/\/imageriemedicaleparis5.fr\/wp-content\/uploads\/2018\/05\/poignet-n-median-ponction-400x259.jpg 400w, https:\/\/imageriemedicaleparis5.fr\/wp-content\/uploads\/2018\/05\/poignet-n-median-ponction-600x389.jpg 600w, https:\/\/imageriemedicaleparis5.fr\/wp-content\/uploads\/2018\/05\/poignet-n-median-ponction-768x498.jpg 768w, https:\/\/imageriemedicaleparis5.fr\/wp-content\/uploads\/2018\/05\/poignet-n-median-ponction-800x518.jpg 800w, https:\/\/imageriemedicaleparis5.fr\/wp-content\/uploads\/2018\/05\/poignet-n-median-ponction.jpg 1000w\" sizes=\"(max-width: 1000px) 100vw, 1000px\" \/><\/div><div class=\"ls-slide\" data-ls=\"duration:2000;kenburnsscale:1.2;\"><img decoding=\"async\" width=\"953\" height=\"561\" src=\"https:\/\/imageriemedicaleparis5.fr\/wp-content\/uploads\/2018\/05\/poignet-n-median.jpg\" class=\"ls-bg\" alt=\"\" srcset=\"https:\/\/imageriemedicaleparis5.fr\/wp-content\/uploads\/2018\/05\/poignet-n-median-200x118.jpg 200w, https:\/\/imageriemedicaleparis5.fr\/wp-content\/uploads\/2018\/05\/poignet-n-median-300x177.jpg 300w, https:\/\/imageriemedicaleparis5.fr\/wp-content\/uploads\/2018\/05\/poignet-n-median-400x235.jpg 400w, https:\/\/imageriemedicaleparis5.fr\/wp-content\/uploads\/2018\/05\/poignet-n-median-600x353.jpg 600w, https:\/\/imageriemedicaleparis5.fr\/wp-content\/uploads\/2018\/05\/poignet-n-median-768x452.jpg 768w, https:\/\/imageriemedicaleparis5.fr\/wp-content\/uploads\/2018\/05\/poignet-n-median-800x471.jpg 800w, https:\/\/imageriemedicaleparis5.fr\/wp-content\/uploads\/2018\/05\/poignet-n-median.jpg 953w\" sizes=\"(max-width: 953px) 100vw, 953px\" \/><\/div><\/div><div class=\"fusion-sep-clear\"><\/div><div class=\"fusion-separator fusion-full-width-sep\" style=\"margin-left: auto;margin-right: auto;margin-top:10px;margin-bottom:10px;width:100%;\"><\/div><div class=\"fusion-sep-clear\"><\/div><div class=\"fusion-image-element in-legacy-container\" style=\"--awb-caption-title-font-family:var(--h2_typography-font-family);--awb-caption-title-font-weight:var(--h2_typography-font-weight);--awb-caption-title-font-style:var(--h2_typography-font-style);--awb-caption-title-size:var(--h2_typography-font-size);--awb-caption-title-transform:var(--h2_typography-text-transform);--awb-caption-title-line-height:var(--h2_typography-line-height);--awb-caption-title-letter-spacing:var(--h2_typography-letter-spacing);\"><span class=\" fusion-imageframe imageframe-dropshadow imageframe-1 hover-type-none\" style=\"-webkit-box-shadow: 3px 3px 7px rgba(0,0,0,0.3);box-shadow: 3px 3px 7px rgba(0,0,0,0.3);\"><img decoding=\"async\" width=\"400\" height=\"267\" title=\"ultrasound-scan\" src=\"http:\/\/imageriemedicaleparis5.fr\/wp-content\/uploads\/2018\/04\/ultrasound-scan-400x267.jpg\" alt class=\"img-responsive wp-image-1208\" srcset=\"https:\/\/imageriemedicaleparis5.fr\/wp-content\/uploads\/2018\/04\/ultrasound-scan-200x133.jpg 200w, https:\/\/imageriemedicaleparis5.fr\/wp-content\/uploads\/2018\/04\/ultrasound-scan-400x267.jpg 400w, https:\/\/imageriemedicaleparis5.fr\/wp-content\/uploads\/2018\/04\/ultrasound-scan-600x400.jpg 600w, https:\/\/imageriemedicaleparis5.fr\/wp-content\/uploads\/2018\/04\/ultrasound-scan-800x534.jpg 800w, https:\/\/imageriemedicaleparis5.fr\/wp-content\/uploads\/2018\/04\/ultrasound-scan.jpg 1100w\" sizes=\"(max-width: 800px) 100vw, 600px\" \/><\/span><\/div><div class=\"fusion-clearfix\"><\/div><\/div><\/div><\/div><\/div><\/p>\n","protected":false},"excerpt":{"rendered":"","protected":false},"author":1,"featured_media":0,"parent":11,"menu_order":0,"comment_status":"closed","ping_status":"closed","template":"","meta":{"footnotes":""},"_links":{"self":[{"href":"https:\/\/imageriemedicaleparis5.fr\/index.php?rest_route=\/wp\/v2\/pages\/1207"}],"collection":[{"href":"https:\/\/imageriemedicaleparis5.fr\/index.php?rest_route=\/wp\/v2\/pages"}],"about":[{"href":"https:\/\/imageriemedicaleparis5.fr\/index.php?rest_route=\/wp\/v2\/types\/page"}],"author":[{"embeddable":true,"href":"https:\/\/imageriemedicaleparis5.fr\/index.php?rest_route=\/wp\/v2\/users\/1"}],"replies":[{"embeddable":true,"href":"https:\/\/imageriemedicaleparis5.fr\/index.php?rest_route=%2Fwp%2Fv2%2Fcomments&post=1207"}],"version-history":[{"count":5,"href":"https:\/\/imageriemedicaleparis5.fr\/index.php?rest_route=\/wp\/v2\/pages\/1207\/revisions"}],"predecessor-version":[{"id":1322,"href":"https:\/\/imageriemedicaleparis5.fr\/index.php?rest_route=\/wp\/v2\/pages\/1207\/revisions\/1322"}],"up":[{"embeddable":true,"href":"https:\/\/imageriemedicaleparis5.fr\/index.php?rest_route=\/wp\/v2\/pages\/11"}],"wp:attachment":[{"href":"https:\/\/imageriemedicaleparis5.fr\/index.php?rest_route=%2Fwp%2Fv2%2Fmedia&parent=1207"}],"curies":[{"name":"wp","href":"https:\/\/api.w.org\/{rel}","templated":true}]}}